mon divisor of 92 and 16698?
46
What is the greatest common divisor of 24787 and 77?
7
Calculate the greatest common divisor of 1970 and 7430.
10
Calculate the highest common divisor of 356 and 1732.
4
Calculate the greatest common factor of 12026 and 182.
14
What is the greatest common factor of 452 and 42827?
113
What is the greatest common factor of 301072 and 496?
496
Calculate the greatest common factor of 206 and 131634.
206
Calculate the highest common factor of 452 and 4550284.
452
Calculate the greatest common factor of 134217 and 123.
3
Calculate the greatest common factor of 318 and 378.
6
Calculate the highest common divisor of 362 and 762.
2
Calculate the greatest common divisor of 2214 and 19598.
82
Calculate the greatest common divisor of 339 and 13673.
113
What is the highest common factor of 196284 and 528?
132
What is the highest common divisor of 12663 and 243?
27
Calculate the highest common divisor of 352 and 10432.
32
What is the highest common divisor of 33560 and 440?
40
Calculate the highest common divisor of 2726 and 9367.
29
Calculate the greatest common factor of 676 and 53573.
169
Calculate the highest common factor of 12636 and 18096.
156
Calculate the highest common divisor of 424966 and 5172.
862
Calculate the greatest common divisor of 1 and 4149.
1
Calculate the greatest common divisor of 342 and 1261296.
342
What is the greatest common factor of 69 and 1175760?
69
Calculate the greatest common divisor of 30257249 and 1423.
1423
What is the greatest common factor of 1185 and 463572?
237
Calculate the highest common divisor of 50031 and 3672.
459
Calculate the greatest common factor of 126600 and 1500.
300
Calculate the highest common divisor of 26378 and 726.
242
Calculate the greatest common factor of 100 and 64.
4
What is the greatest common divisor of 41461 and 196?
7
What is the highest common factor of 2067 and 6591?
39
What is the highest common factor of 5590719 and 1251?
1251
What is the highest common factor of 6580 and 91462?
658
Calculate the greatest common factor of 140541 and 15168.
237
What is the highest common divisor of 88369 and 57?
19
What is the greatest common factor of 394245 and 210?
15
What is the greatest common divisor of 873 and 9021?
291
Calculate the greatest common factor of 559404 and 900.
36
Calculate the highest common divisor of 40673 and 2742.
457
What is the highest common divisor of 5 and 252485?
5
Calculate the greatest common divisor of 249 and 365532.
249
What is the highest common divisor of 754698 and 84?
42
Calculate the highest common divisor of 4063 and 289.
17
Calculate the greatest common factor of 74165 and 351.
13
Calculate the highest common divisor of 731 and 3569.
43
Calculate the highest common factor of 84034 and 2.
2
What is the greatest common factor of 371234 and 2514?
838
What is the greatest common divisor of 509644 and 412?
412
What is the greatest common factor of 8044 and 22?
2
What is the highest common divisor of 203 and 14308?
7
Calculate the highest common factor of 129657 and 132.
33
What is the highest common factor of 11058768 and 16?
16
What is the greatest common divisor of 2334280 and 520?
520
What is the greatest common factor of 232233 and 34626?
597
What is the highest common factor of 8680 and 3640?
280
Calculate the highest common factor of 24268 and 18.
2
Calculate the highest common factor of 367158 and 66.
66
What is the highest common factor of 153 and 12762?
9
What is the greatest common divisor of 310 and 100502?
62
Calculate the highest common divisor of 12255392 and 328.
328
What is the greatest common factor of 560589 and 201?
201
Calculate the highest common factor of 9525 and 6075.
75
What is the greatest common divisor of 29540 and 37660?
140
What is the greatest common factor of 3591 and 147?
21
Calculate the highest common divisor of 11 and 281842.
11
What is the highest common divisor of 836991 and 2034?
1017
What is the highest common factor of 2541 and 1155?
231
What is the highest common divisor of 11 and 16742?
11
What is the greatest common divisor of 235634 and 4?
2
Calculate the greatest common factor of 582 and 2946.
6
Calculate the greatest common divisor of 104610 and 462.
66
Calculate the highest common factor of 289 and 13.
1
What is the highest common divisor of 2472 and 702872?
824
Calculate the highest common divisor of 3892 and 28.
28
What is the highest common factor of 148 and 38591?
37
Calculate the greatest common divisor of 780 and 7028580.
780
What is the highest common divisor of 152328 and 19618?
1154
What is the greatest common divisor of 1252 and 409091?
313
What is the highest common factor of 2942102 and 5532?
922
What is the highest common factor of 2660 and 3420?
380
Calculate the highest common factor of 43097 and 142.
71
What is the greatest common divisor of 44225 and 5075?
725
Calculate the greatest common divisor of 28188 and 18.
18
Calculate the greatest common factor of 153716 and 16668.
1852
Calculate the greatest common factor of 4262 and 6689209.
2131
Calculate the highest common factor of 1220 and 128405.
305
What is the highest common factor of 11625 and 3?
3
What is the greatest common divisor of 32 and 95492?
4
Calculate the highest common divisor of 2464 and 6974.
22
Calculate the greatest common factor of 12222 and 4462.
194
What is the highest common divisor of 40232 and 47?
47
What is the highest common factor of 1267 and 118193?
181
What is the greatest common factor of 892 and 127333?
223
What is the highest common divisor of 2686 and 20066?
158
What is the greatest common divisor of 173160 and 624?
312
Calculate the highest common factor of 1498 and 2590.
14
What is the greatest common factor of 34480 and 184?
8
Calculate the highest common factor of 1158 and 5106.
6
Calculate the highest common factor of 4792 and 664.
8
Calculate the greatest common factor of 7918 and 3638.
214
Calculate the greatest common divisor of 305067 and 73.
73
What is the greatest common divisor of 132 and 12384?
12
Calculate the greatest common divisor of 168 and 19222.
14
Calculate the greatest common factor of 317944 and 88.
88
What is the greatest common factor of 10829 and 1105?
221
Calculate the greatest common factor of 28800 and 56.
8
Calculate the greatest common divisor of 5 and 45055.
5
What is the highest common divisor of 7488 and 1728064?
832
What is the greatest common divisor of 846 and 378?
18
Calculate the highest common factor of 33 and 31449.
33
What is the greatest common divisor of 148 and 1?
1
Calculate the highest common divisor of 185180 and 47.
47
What is the greatest common divisor of 644 and 23345?
161
Calculate the highest common divisor of 108 and 520803.
27
Calculate the greatest common factor of 131 and 430466.
131
What is the greatest common factor of 1723310 and 10?
10
What is the greatest common divisor of 1371357 and 81?
27
What is the greatest common factor of 22873 and 10794?
257
Calculate the highest common divisor of 7 and 1967.
7
What is the greatest common factor of 147 and 2989?
49
Calculate the highest common factor of 2431 and 609059.
187
Calculate the greatest common factor of 235 and 460.
5
What is the greatest common divisor of 5990943 and 21?
21
What is the greatest common divisor of 93728 and 205232?
1616
What is the greatest common factor of 140 and 281036?
28
What is the greatest common divisor of 70691 and 14582?
317
What is the greatest common factor of 11233 and 517?
47
What is the highest common divisor of 16997 and 206181?
739
Calculate the greatest common divisor of 317481 and 873.
291
What is the greatest common divisor of 5800 and 60175?
725
What is the greatest common divisor of 698 and 81317?
349
Calculate the greatest common factor of 8800 and 9200.
400
What is the greatest common divisor of 110 and 1892?
22
Calculate the greatest common factor of 31318 and 210.
14
Calculate the highest common divisor of 10684 and 584.
4
What is the highest common factor of 5035 and 5795?
95
Calculate the greatest common divisor of 250 and 22300.
50
What is the highest common factor of 290 and 49271?
29
What is the highest common divisor of 2 and 866?
2
Calculate the highest common factor of 15770 and 15355.
415
What is the greatest common di